 to base 7.
2
What is 1 (base 14) in base 10?
1
Convert -62 (base 15) to base 6.
-232
Convert 11 (base 15) to base 13.
13
What is 4 (base 9) in base 3?
11
Convert -c (base 15) to base 12.
-10
-2 (base 13) to base 7
-2
What is -3 (base 10) in base 15?
-3
What is 3 (base 7) in base 14?
3
Convert 10 (base 3) to base 6.
3
Convert 5 (base 16) to base 14.
5
What is -10 (base 14) in base 7?
-20
Convert c (base 16) to base 4.
30
-59 (base 14) to base 13
-61
What is 10 (base 7) in base 16?
7
Convert 4 (base 7) to base 14.
4
-10 (base 10) to base 15
-a
What is -1 (base 2) in base 14?
-1
Convert 173 (base 8) to base 9.
146
Convert -10 (base 6) to base 11.
-6
10210 (base 4) to base 10
292
Convert -103 (base 6) to base 2.
-100111
-3 (base 10) to base 8
-3
What is 1 (base 6) in base 3?
1
Convert -36 (base 9) to base 16.
-21
-5 (base 12) to base 3
-12
What is 10100101 (base 2) in base 10?
165
Convert -313 (base 9) to base 2.
-11111111
What is -80 (base 13) in base 3?
-10212
What is a3 (base 11) in base 6?
305
110100 (base 2) to base 9
57
-3 (base 11) to base 3
-10
Convert -44 (base 11) to base 9.
-53
8 (base 13) to base 11
8
Convert -47 (base 9) to base 3.
-1121
-313 (base 9) to base 10
-255
b0 (base 13) to base 10
143
-111 (base 3) to base 6
-21
-2a (base 11) to base 14
-24
1331 (base 5) to base 12
160
Convert 3 (base 11) to base 4.
3
What is -15 (base 13) in base 7?
-24
Convert -3 (base 6) to base 2.
-11
What is 40 (base 5) in base 11?
19
28 (base 11) to base 14
22
What is 1001 (base 2) in base 14?
9
-42 (base 8) to base 16
-22
What is -3 (base 16) in base 13?
-3
What is -4 (base 6) in base 11?
-4
10100 (base 2) to base 16
14
-3 (base 8) to base 3
-10
What is 100 (base 2) in base 10?
4
What is -6 (base 15) in base 16?
-6
Convert -2a (base 11) to base 9.
-35
What is 16 (base 13) in base 16?
13
-2 (base 10) to base 5
-2
-5 (base 7) to base 8
-5
What is -1010 (base 3) in base 6?
-50
What is 12 (base 16) in base 14?
14
108 (base 9) to base 15
5e
Convert -20 (base 3) to base 13.
-6
What is -10 (base 10) in base 5?
-20
-60 (base 11) to base 9
-73
What is -4 (base 6) in base 15?
-4
What is 3 (base 8) in base 5?
3
Convert 6 (base 11) to base 8.
6
What is 1 (base 14) in base 10?
1
-11 (base 13) to base 2
-1110
Convert -35 (base 7) to base 4.
-122
Convert 20 (base 4) to base 7.
11
Convert 0 (base 9) to base 13.
0
Convert -59 (base 14) to base 12.
-67
Convert -100 (base 2) to base 11.
-4
Convert -c (base 15) to base 12.
-10
What is 2201 (base 4) in base 14?
b7
112 (base 3) to base 7
20
Convert 31 (base 7) to base 2.
10110
Convert 11 (base 2) to base 10.
3
What is 58 (base 9) in base 7?
104
What is 10 (base 9) in base 14?
9
50 (base 12) to base 6
140
43 (base 5) to base 11
21
Convert 2 (base 7) to base 14.
2
What is 128 (base 13) in base 8?
313
-23 (base 10) to base 15
-18
1 (base 3) to base 7
1
38 (base 12) to base 3
1122
-116 (base 11) to base 16
-8a
What is 6 (base 10) in base 13?
6
2c (base 13) to base 16
26
-68 (base 9) to base 11
-57
Convert -2 (base 16) to base 7.
-2
Convert 3 (base 12) to base 5.
3
-7 (base 9) to base 16
-7
100 (base 3) to base 11
9
1102 (base 3) to base 5
123
-211 (base 8) to base 9
-162
Convert 2 (base 12) to base 7.
2
5c (base 15) to base 9
106
Convert 101 (base 4) to base 12.
15
Convert -10 (base 8) to base 10.
-8
Convert -1 (base 6) to base 12.
-1
What is 0 (base 16) in base 11?
0
Convert 24 (base 11) to base 4.
122
Convert 5 (base 14) to base 15.
5
What is -110 (base 6) in base 15?
-2c
What is -4 (base 11) in base 9?
-4
What is 261 (base 8) in base 14?
c9
-2 (base 8) to base 5
-2
-4 (base 11) to base 4
-10
What is 6 (base 7) in base 4?
12
-27 (base 9) to base 3
-221
What is -35 (base 8) in base 14?
-21
What is 3 (base 6) in base 3?
10
Convert 12201 (base 3) to base 11.
130
Convert 8 (base 16) to base 8.
10
3 (base 10) to base 12
3
Convert -d (base 14) to base 3.
-111
10 (base 6) to base 3
20
-16 (base 7) to base 6
-21
0 (base 16) to base 6
0
145 (base 10) to base 16
91
1 (base 13) to base 11
1
Convert -26 (base 9) to base 7.
-33
Convert 55 (base 9) to base 13.
3b
Convert -10 (base 11) to base 13.
-b
What is 25 (base 10) in base 4?
121
13 (base 8) to base 11
10
-101000 (base 2) to base 14
-2c
Convert 31 (base 12) to base 7.
52
What is -2312 (base 4) in base 2?
-10110110
What is -b (base 16) in base 7?
-14
Convert -1034 (base 6) to base 10.
-238
-10 (base 5) to base 6
-5
10 (base 4) to base 3
11
What is -110001 (base 2) in base 5?
-144
What is 40 (base 9) in base 6?
100
Convert -20 (base 4) to base 7.
-11
What is 35 (base 14) in base 8?
57
What is -3 (base 15) in base 5?
-3
What is 511 (base 6) in base 11?
160
What is 1d (base 14) in base 6?
43
-3 (base 6) to base 2
-11
Convert 2 (base 10) to base 14.
2
Convert b (base 16) to base 13.
b
11 (base 2) to base 12
3
What is 46 (base 8) in base 5?
123
75 (base 12) to base 15
5e
Convert 0 (base 9) to base 15.
0
Convert 0 (base 11) to base 10.
0
-122 (base 3) to base 8
-21
What is 9c (base 13) in base 10?
129
What is 27 (base 13) in base 6?
53
-5 (base 6) to base 15
-5
36 (base 10) to base 16
24
Convert -13 (base 8) to base 2.
-1011
-7 (base 8) to base 10
-7
1100 (base 2) to base 6
20
What is -f1 (base 16) in base 4?
-3301
Convert 2 (base 16) to base 10.
2
Convert -55 (base 8) to base 13.
-36
Convert 132 (base 4) to base 5.
110
10 (base 11) to base 12
b
What is 3 (base 11) in base 6?
3
Convert -314 (base 7) to base 16.
-9e
What is 11 (base 8) in base 2?
1001
-1 (base 2) to base 14
-1
-1c (base 16) to base 12
-24
What is -15 (base 16) in base 4?
-111
What is 13b (base 12) in base 16?
bf
4 (base 12) to base 6
4
Convert 110001 (base 2) to base 11.
45
10 (base 14) to base 9
15
What is -3 (base 7) in base 14?
-3
What is -1 (base 7) in base 16?
-1
Convert -407 (base 10) to base 3.
-120002
Convert 30 (base 4) to base 3.
110
-1 (base 3) to base 12
-1
What is -13 (base 7) in base 15?
-a
Convert 3 (base 13) to base 4.
3
Convert -5 (base 12) to base 2.
-101
Convert 1 (base 2) to base 5.
1
Convert -14 (base 8) to base 5.
-22
-27 (base 8) to base 10
-23
-246 (base 7) to base 11
-110
-35 (base 9) to base 15
-22
Convert 130 (base 4) to base 15.
1d
-313 (base 6) to base 14
-85
-10222 (base 3) to base 2
-1101011
What is 48 (base 10) in base 16?
30
Convert 1101 (base 7) to base 15.
1b3
-13 (base 7) to base 6
-14
What is 2 (base 11) in base 9?
2
Convert -3223 (base 4) to base 11.
-1a4
-101101101 (base 2) to base 10
-365
-1000 (base 2) to base 5
-13
Convert 13 (base 15) to base 9.
20
Convert 7 (base 14) to base 13.
7
Convert -11 (base 6) to base 15.
-7
Convert 11 (base 7) to base 14.
8
What is -10c (base 14) in base 7?
-415
What is -6 (base 7) in base 3?
-20
Convert 2 (base 8) to base 16.
2
What is -23 (base 6) in base 16?
-f
What is -1 (base 14) in base 7?
-1
22 (base 15) to base 6
52
10 (base 15) to base 3
120
Convert -100 (base 5) to base 15.
-1a
What is -5 (base 11) in base 12?
-5
-7a (base 13) to base 10
-101
Convert -9 (base 13) to base 7.
-12
102 (base 5) to base 4
123
Convert -1 (base 7) to base 2.
-1
What is 7 (base 10) in base 14?
7
Convert 21 (base 3) to base 15.
7
Convert 0 (base 3) to base 9.
0
Convert -2 (base 10) to base 9.
-2
-23 (base 6) to base 4
-33
Convert 32 (base 15) to base 13.
38
-1000 (base 3) to base 2
-11011
Convert -11111 (base 2) to base 14.
-23
Convert 10 (base 4) to base 6.
4
-23 (base 10) to base 12
-1b
What is -1 (base 5) in base 12?
-1
Convert 11 (base 13) to base 9.
15
22001 (base 3) to base 14
117
29 (base 10) to base 6
45
What is -3 (base 10) in base 2?
-11
20 (base 7) to base 5
24
f (base 16) to base 3
120
Convert 0 (base 8) to base 3.
0
-11000010 (base 2) to base 5
-1234
What is -7 (base 11) in base 2?
-111
-1101 (base 2) to base 3
-111
What is -20 (base 4) in base 3?
-22
What is -121 (base 6) in base 14?
-37
What is -311 (base 4) in base 7?
-104
What is 213 (base 4) in base 2?
100111
What is -23 (base 8) in base 10?
-19
Convert -13 (base 8) to base 2.
-1011
-13 (base 9) to base 16
-c
10 (base 2) to base 16
2
-315 (base 7) to base 8
-237
c (base 15) to base 16
c
Convert 1 (base 9) to base 7.
1
Convert -1 (base 6) to base 16.
-1
111 (base 4) to base 7
30
Convert 8 (base 9) to base 13.
8
1000 (base 3) to base 12
23
107 (base 11) to base 4
2000
Convert ac (base 13) to base 5.
